ctor of w and a.
14
Let p be 93/(31/15 + -2). Calculate the highest common factor of 217 and p.
31
Let j be 84*(1/4 + 6*(-3)/(-6)). Calculate the greatest common divisor of j and 189.
21
Suppose 0 = 3*z + 5*v - 2312 + 367, 4*v = -5*z + 3233. Suppose 5*r - z = -3*l - 250, l - 129 = -r. Calculate the greatest common factor of l and 25.
25
Suppose -4*n + q = -32, -5*n - 5*q + 18 = -22. Let f = -1 + 1. Let u be f - (3 + 3 + -38). What is the greatest common divisor of u and n?
8
Let w = 17 + -4. Let s be -10 - 378/(-34) - (-4)/(-34). Let q = s - -12. Calculate the greatest common factor of w and q.
13
Let o = 2157 + -307. What is the greatest common divisor of o and 4?
2
Suppose -3042 = -2*b + 3*d - 762, -3418 = -3*b + 4*d. What is the highest common divisor of 126 and b?
126
Suppose 16*s = -115 + 19. Let w be s + 132/1 + 4. What is the greatest common factor of w and 52?
26
Let p(b) = b**3 + 10*b**2 - 59*b + 10. Let q be p(5). Calculate the greatest common divisor of 5310 and q.
90
Suppose 219*f + 7626 = 225*f. What is the highest common divisor of f and 186?
31
Suppose 12 = -3*b, -5*g = b - 664 - 102. Suppose -3*x = -4*p + 120 + 66, -g = -3*p - 5*x. Calculate the highest common factor of p and 64.
16
Let w(y) = -18*y + 676. Let t be w(30). Suppose 3*g = 2*g + 4. Suppose 0 = m - g*b + b - 23, 2*m = -2*b + 30. What is the highest common divisor of m and t?
17
Suppose 0 = -2*g + 4*h + 1274, -6*g - 109*h + 3756 = -110*h. What is the highest common divisor of g and 100?
25
Let t be 6/(-4)*290004/(-99). Calculate the highest common divisor of 26 and t.
26
Suppose 88*n - 4136 = -100*n. Calculate the highest common divisor of n and 550.
22
Suppose -4*z + 6928 = 4*h, 52*h - 5*z - 6865 = 48*h. What is the highest common factor of h and 230?
115
Suppose -4909 + 589 = -5*k. Calculate the highest common factor of k and 180.
36
Let d = 4310 + -4288. Calculate the greatest common factor of 2508 and d.
22
Let c(l) be the third derivative of 2*l**5/15 + 2*l**4/3 + 31*l**3/3 - 16*l**2. Let r be c(-5). What is the highest common divisor of r and 78?
26
Let q be 12/(-42) - 4/(-14). Let l be (-2 - -4) + q/1*-1. Let t be 3/3 + (-34)/(-2). Calculate the greatest common divisor of l and t.
2
Let g = 294 + -286. Let r be 3/(135/(-20))*(-36)/g. Calculate the greatest common divisor of r and 32.
2
Let q(w) = -w**2 - 18*w + 14. Let m be q(-16). Suppose m = 2*d + 16. Suppose d = -4*p + 79. What is the greatest common divisor of p and 96?
16
Let x = 14029 + -14028. What is the highest common factor of 5 and x?
1
Let x = 100 - 60. Suppose k + x = 3*k. Let b = -41 + 51. Calculate the greatest common factor of k and b.
10
Let b be (-80)/12*(2 - 5). Let f be (-4 - 88/(-20))/((-2)/(-200)). Calculate the highest common factor of f and b.
20
Suppose -251 = 4*n + s + 154, 0 = 4*n + 4*s + 396. Let i = n + 101. Let g be -5 + 7 - i*4. Calculate the greatest common divisor of 2 and g.
2
Let q be (-12)/(-80)*4 + (-1088)/(-20). Let o be 10 + 10 + 1 + -1. Calculate the highest common divisor of q and o.
5
Let p(i) = 470*i + 955. Let t be p(-2). Let o = -139 - -199. What is the greatest common divisor of o and t?
15
Let h = 188 + 330. Let l = 4426 + -4412. What is the highest common factor of h and l?
14
Let m be 159/(-4)*(-48)/36 + 3. Suppose 0 = -59*k + m*k + 189. Suppose 5*n = 4*h + 198, -n - 2*h = 2*n - 132. Calculate the greatest common factor of k and n.
21
Let t = -737 - -1037. Suppose 4*y + 456 = -5*q, -4*q + 5*q = 5*y + 570. Let f = t + y. What is the highest common divisor of 31 and f?
31
Let h = 416 + 186. Let z = h + -598. What is the greatest common divisor of z and 20?
4
Suppose -276*h + 277*h - 5*w - 745 = 0, 15 = -5*w. Calculate the highest common divisor of h and 511.
73
Let w(r) = r**3 + 13*r**2 - 9*r + 8. Let k be w(-13). Suppose -58 = -2*b - 2*d, -3*b + k = 2*d + 40. What is the greatest common divisor of 6 and b?
3
Suppose 8*k = 3*k - 180. Let o be 19/(-114)*k/2. What is the highest common divisor of o and 9?
3
Let r(f) = -f**2 - 3*f + 18. Let i be r(-7). Let q be ((-8)/6 - 0)/(i/120). What is the greatest common divisor of 1 and q?
1
Suppose 2*s = 4*k - 5 + 15, 4*s = 5*k + 23. Suppose s*q + 11 - 53 = 0. What is the highest common factor of 6 and q?
6
Suppose 0 = -3*q - 5 + 2. Let k(n) = -n**2 - 5*n + 5. Let o(d) = -1. Let a(w) = q*k(w) + 6*o(w). Let g be a(-8). What is the greatest common factor of 91 and g?
13
Let m(w) = -17*w + 2. Let i be m(0). Let f be i*(-10)/(-15)*12. Calculate the greatest common factor of f and 64.
16
Suppose 16*h + 29 = 1403 + 1570. Calculate the greatest common factor of 552 and h.
184
Let v(u) = -29*u**3 + 4*u. Let j be v(-1). Calculate the highest common factor of j and 73575.
25
Suppose -4*b - 1092 = -3*d - 1101, 0 = 3*b - 27. Suppose -137 = -3*f + 79. What is the greatest common factor of f and d?
9
Let y = -18855 + 18917. What is the highest common divisor of y and 224?
2
Let t be 1 + 18/(-14) - 173/7. Let l = 28 + t. Let i be (-80)/l*(-3)/2. What is the greatest common factor of 160 and i?
40
Let l(p) = 6*p**2 - 37*p + 41. Let c be l(-13). Calculate the greatest common divisor of 168 and c.
24
Let v(f) be the third derivative of 7*f**4/4 - 157*f**3/6 + f**2 + 8. Let p be v(5). Calculate the greatest common factor of p and 53.
53
Let z be -5 - -5 - 7 - -514. Suppose z = 3*b + 4*m, b - m + 2*m = 169. What is the greatest common divisor of 13 and b?
13
Suppose 15 = -0*y + y. Let h be ((-36)/y)/(6/(-100)). Let g = -288 - -728. What is the highest common factor of g and h?
40
Suppose 0 = -q + 4 - 2. Let g be 2/(-3)*(-35 + -16). Suppose -6 = q*c - g. Calculate the highest common divisor of 112 and c.
14
Suppose 2*n + 7 - 139 = -2*v, 2*n - 195 = -3*v. Let t = 1345 + -1338. What is the greatest common divisor of v and t?
7
Suppose -3*o + 1344 = 5*r, -14*o + 13*o = 4*r - 1078. What is the highest common factor of 7110 and r?
90
Let n(c) = -c + 10*c + 6*c + 149 - 6*c - 28*c. Let h be n(7). Calculate the greatest common divisor of h and 128.
16
Let u = -224 - -227. Suppose -2*i = -h - 27 - 5, 3*i - u*h - 48 = 0. Calculate the highest common divisor of 168 and i.
8
Let f(l) = 10*l**2 - 118*l + 1330. Let v be f(11). What is the highest common factor of v and 216?
54
Let p(g) = 5*g + 7. Let d be p(7). Let k = d - 20. Suppose 105 = 5*n - 5*r, 3*n - r - 87 = -n. What is the greatest common divisor of n and k?
22
Suppose 31*g = 67 + 26. Suppose -s = 4*u - 58, -2*u + g*u + 2*s = 18. Calculate the highest common divisor of 350 and u.
14
Let a = 29131 + -29090. What is the highest common divisor of a and 11029?
41
Let k(y) = -2*y - 10 - 5 - 19. Let j be k(-19). Suppose u = -4*s + 25, 0*s - j*u = -s + 2. What is the greatest common factor of 18 and s?
6
Let q(f) = -f**3 - 20*f**2 + 68*f - 23. Let y be q(-23). Suppose y = 4*d - 372 - 1680. What is the greatest common factor of 19 and d?
19
Let r = 3075 - 2826. What is the highest common divisor of 1162 and r?
83
Let f = -38007 - -38210. Let u(t) = t**3 + 4*t**2 - 7*t - 3. Let v be u(-5). Calculate the highest common divisor of f and v.
7
Let q be (-3220)/(-161) + -3 + 613. Calculate the highest common factor of q and 2394.
126
Let v be 40*(1 + (-4 - 3*(-45)/20)). What is the greatest common divisor of v and 2350?
50
Let z(s) = 1339*s + 2045. Let x be z(0). What is the highest common divisor of x and 35?
5
Let f = -36 - -31. Let b(x) = x**2 + 2*x - 8. Let k(q) = 3*q - 7. Let n(j) = f*k(j) + 4*b(j). Let u be n(3). Calculate the greatest common factor of u and 198.
18
Let g be ((-111)/5)/(1/(-15)). What is the highest common factor of 703 and g?
37
Let f be 90746/2198 - (4/7)/2. Let m = 7 - 5. Suppose -5*h + m*t = -605, -5*h = 4*t - 3*t - 620. Calculate the greatest common factor of f and h.
41
Suppose 0 = 15*g + 25*g + 14200. Let y = -329 - g. What is the highest common factor of y and 3?
1
Let d be 6 + (-8 - 10/(-2)). Suppose 3*c = -5*x + d, x - 3*c - 2*c = -5. Suppose x = 3*i - 168 - 651. What is the highest common factor of 39 and i?
39
Let x be (6/(-4))/((18/(-8))/3). Suppose 4 = -x*q - 0, j = 2*q + 7. Suppose 0 - 2 = y + 4*t, j*y + 5*t - 1 = 0. Calculate the highest common divisor of y and 4.
2
Suppose 3*r = -y + 34, -4*r - 8*y = -3*y - 38. Calculate the highest common factor of r and 1824.
12
Let r(